633.
53
What is the greatest common factor of 5957 and 193991?
259
Calculate the greatest common factor of 78 and 79446.
6
Calculate the greatest common divisor of 605 and 335.
5
Calculate the greatest common divisor of 43 and 32981.
43
Calculate the greatest common divisor of 2694745 and 235.
235
Calculate the highest common factor of 175 and 11225.
25
Calculate the greatest common factor of 1107 and 19516.
41
Calculate the greatest common factor of 2193 and 7293.
51
What is the highest common divisor of 351318 and 462?
66
Calculate the highest common divisor of 363 and 42075.
33
Calculate the greatest common divisor of 2619 and 256953.
291
What is the greatest common factor of 8112 and 2304?
48
Calculate the greatest common divisor of 59336 and 10.
2
Calculate the highest common divisor of 204770 and 30.
10
What is the highest common divisor of 3366 and 578?
34
What is the greatest common factor of 2266 and 175?
1
What is the highest common factor of 309839 and 581?
83
What is the highest common divisor of 3068 and 4189?
59
Calculate the highest common factor of 525 and 375775.
25
What is the highest common divisor of 52345 and 29?
29
What is the greatest common divisor of 312 and 389688?
312
Calculate the highest common factor of 418 and 19888.
22
What is the highest common divisor of 500 and 38?
2
Calculate the highest common divisor of 98 and 183358.
98
What is the greatest common divisor of 26331 and 1572?
393
Calculate the greatest common factor of 4252577 and 679.
679
Calculate the highest common divisor of 91692 and 405.
81
Calculate the highest common divisor of 11 and 175604.
11
What is the highest common factor of 34030 and 14350?
410
Calculate the highest common divisor of 29520 and 3285.
45
Calculate the highest common factor of 1500 and 40746.
6
Calculate the highest common divisor of 2 and 581.
1
What is the highest common factor of 19 and 87628?
19
Calculate the highest common factor of 2218917 and 141.
141
What is the greatest common factor of 374840 and 440?
40
What is the highest common factor of 104325 and 1200?
75
What is the highest common factor of 1364209 and 539?
539
Calculate the highest common factor of 233966 and 2882.
262
Calculate the greatest common divisor of 3648 and 192.
192
What is the highest common factor of 14535 and 17055?
45
What is the highest common factor of 156285 and 720?
45
What is the greatest common factor of 10806231 and 57?
57
Calculate the highest common factor of 775 and 7.
1
Calculate the highest common factor of 1595988 and 172.
172
What is the highest common divisor of 116 and 9059484?
116
Calculate the greatest common factor of 145 and 62330.
5
Calculate the highest common divisor of 50 and 2025.
25
What is the greatest common divisor of 234 and 31068?
18
Calculate the highest common factor of 249 and 80261.
83
Calculate the highest common factor of 495616 and 176.
176
What is the highest common factor of 355926 and 4110?
822
Calculate the highest common factor of 3100678 and 56.
14
Calculate the greatest common divisor of 20377 and 4182.
41
Calculate the greatest common divisor of 1045231 and 11.
11
Calculate the greatest common divisor of 68 and 12614.
34
What is the highest common divisor of 136876 and 3040?
76
Calculate the highest common divisor of 18626 and 9514.
134
What is the greatest common factor of 299 and 363607?
23
What is the greatest common factor of 38 and 1127783?
19
Calculate the greatest common factor of 31 and 1621548.
31
What is the greatest common divisor of 36342 and 756?
54
Calculate the greatest common factor of 42784 and 560.
112
Calculate the greatest common divisor of 2280 and 1830.
30
Calculate the highest common factor of 7479 and 1323.
27
Calculate the greatest common divisor of 306 and 35598.
102
Calculate the greatest common factor of 31822 and 70.
14
What is the greatest common divisor of 455 and 66955?
35
What is the greatest common divisor of 20031 and 88?
11
What is the greatest common factor of 207 and 603?
9
What is the greatest common divisor of 1543 and 6?
1
Calculate the greatest common divisor of 21329 and 231.
77
Calculate the greatest common factor of 229754 and 28.
14
Calculate the highest common factor of 5454 and 3232.
202
Calculate the highest common factor of 455424 and 42.
6
Calculate the highest common factor of 126 and 44478.
126
Calculate the greatest common factor of 10 and 3630700.
10
Calculate the highest common factor of 176 and 23276.
44
What is the highest common divisor of 93 and 2077?
31
What is the highest common factor of 21 and 12271?
7
Calculate the highest common divisor of 6 and 158128.
2
Calculate the greatest common divisor of 3180 and 368244.
636
Calculate the highest common factor of 6461 and 511342.
923
What is the highest common factor of 2500 and 800?
100
Calculate the greatest common divisor of 96 and 317976.
24
What is the greatest common factor of 1323 and 132489?
189
What is the greatest common divisor of 180 and 35760?
60
What is the highest common factor of 105 and 15735?
15
What is the highest common factor of 4103 and 95488?
373
Calculate the highest common factor of 1118 and 11782.
86
Calculate the greatest common divisor of 143 and 91.
13
Calculate the greatest common factor of 11710 and 1280.
10
Calculate the highest common factor of 91814 and 174.
58
What is the highest common divisor of 3 and 3327?
3
What is the greatest common divisor of 368 and 82064?
368
Calculate the greatest common factor of 153822 and 1488.
186
What is the highest common factor of 68847 and 106?
53
Calculate the highest common factor of 7452 and 91044.
324
Calculate the highest common factor of 2652318 and 36.
18
What is the greatest common factor of 3235 and 709112?
647
Calculate the greatest common divisor of 2951 and 66511.
227
Calculate the greatest common factor of 748 and 220.
44
Calculate the greatest common factor of 3225 and 197675.
25
Calculate the highest common divisor of 123 and 1077.
3
What is the greatest common divisor of 168 and 787528?
56
Calculate the greatest common divisor of 327 and 1762421.
109
What is the greatest common factor of 49494 and 90?
6
What is the highest common divisor of 759936 and 3?
3
Calculate the highest common factor of 11904 and 896.
128
What is the highest common factor of 148 and 1828?
4
What is the greatest common divisor of 170 and 965870?
10
What is the greatest common divisor of 265895 and 535?
535
Calculate the highest common divisor of 3390 and 300354.
678
Calculate the greatest common divisor of 105 and 104349.
21
Calculate the greatest common factor of 212 and 42877.
53
What is the greatest common factor of 47426 and 276?
46
What is the greatest common divisor of 24 and 474976?
8
Calculate the greatest common factor of 28620 and 702.
54
Calculate the greatest common divisor of 99184 and 16.
16
What is the highest common factor of 26 and 46007?
13
Calculate the highest common divisor of 8 and 190364.
4
Calculate the highest common divisor of 50070 and 120.
30
What is the highest common divisor of 6 and 86462?
2
What is the highest common divisor of 1037 and 6154?
17
Calculate the greatest common factor of 1831600 and 1200.
400
What is the greatest common factor of 4452 and 96?
12
What is the highest common divisor of 6 and 172?
2
Calculate the greatest common divisor of 16734 and 114.
6
What is the greatest common factor of 1164 and 5219958?
582
Calculate the greatest common divisor of 4187 and 103297.
53
What is the greatest common divisor of 2215455 and 870?
435
What is the greatest common divisor of 3973 and 1507?
137
Calculate the greatest common factor of 20825 and 2375.
25
What is the greatest common divisor of 3074295 and 67?
67
What is the greatest common factor of 3668 and 497?
7
Calculate the highest common factor of 6946 and 12080.
302
Calculate the greatest common divisor of 28 and 4529.
7
What is the greatest common factor of 7638 and 4674?
114
What is the greatest common divisor of 5184920 and 338?
338
Calculate the greatest common divisor of 5 and 6515.
5
Calculate the highest common factor of 748 and 44440.
44
Calculate the highest common factor of 1576 and 43143.
197
Calculate the highest common factor of 879890 and 550.
110
Calculate the highest common f